 factors of x.
2, 71
Suppose -d - 2*t + 29 = 4*d, 0 = 2*t - 4. Let b(r) = 8*r**3 - 5*r**2 - 8*r - 19. List the prime factors of b(d).
2, 3, 17
Let i(a) = -96*a - 163. Let t = -414 + 408. List the prime factors of i(t).
7, 59
Let y be (-8)/10 - (-722)/190. Let h(i) = -43*i + 5. Let b be h(y). Let g = -78 - b. What are the prime factors of g?
2, 23
Let y(u) = -16*u + 292. List the prime factors of y(-15).
2, 7, 19
Suppose i - 2738 = -3*j, 3651 = 31*j - 27*j + i. Suppose -14*r + 9985 - j = 0. What are the prime factors of r?
2, 3
Suppose 31*q = 8820 + 11175. Suppose 420 = 5*r - q. List the prime factors of r.
3, 71
Suppose 4*k - b - 102 = 0, -4*b - 54 = -3*k + 29. Suppose 912 + 6913 = k*j. List the prime factors of j.
313
Suppose -372 = -14*o + 3352. List the prime factors of o.
2, 7, 19
Suppose 5*x - 65 = 210. Let c = 179 + x. List the prime factors of (c/65)/(4/130).
3, 13
Let g(v) = v**3 - 5*v**2 + 3. Let c be g(5). Suppose -c*o - 3 = -12. Suppose 2*z = 4*z - r - 327, -r = o. What are the prime factors of z?
2, 3
Let f(n) = n**3 + 15*n**2 - 14*n - 28. What are the prime factors of f(18)?
2, 19, 137
Suppose 6698 = -12*h - 7186. Let q = 1793 + h. List the prime factors of q.
2, 3, 53
Let d(h) = 101*h + 10. Suppose 5 + 11 = 16*v. List the prime factors of d(v).
3, 37
Let c(z) = 865*z - 103. What are the prime factors of c(5)?
2, 2111
Suppose -11 + 6 = -k. Suppose -k*q = -3*q + 16. Let y = q - -63. List the prime factors of y.
5, 11
Let j(l) = l**3 - 27*l**2 + 61*l - 394. List the prime factors of j(32).
2, 3, 7, 53
Suppose 288*h - 4 = 290*h, -2*k - 4 = -h. Let p(t) be the second derivative of -t**5/10 - t**4/4 + 3*t**2/2 + t. List the prime factors of p(k).
2, 3, 5
Let g = -1828 + 1273. Let t = g + 1073. What are the prime factors of t?
2, 7, 37
Let f = -198 + 245. Let q = f + 5. List the prime factors of q.
2, 13
Let w be 404/8 - 0 - (-1)/(-2). Suppose -3*j = 4*v - 52, -3*v - 5*j = -w - 0. What are the prime factors of ((-126)/v - 1)/((-30)/375)?
2, 5, 17
Let h(d) = 108*d - 172. Let f be h(26). Suppose 3*j + 2*k = f, 5*j - 1824 - 2548 = 2*k. What are the prime factors of j?
2, 3, 73
Suppose 6*d - 3*v = 10*d - 1195, 2*d - 605 = v. Suppose 0*i - 3 = -i. Suppose 188 = i*c - d. What are the prime factors of c?
163
Let s(n) = n**2 + 16*n - 17. Let l be s(-17). List the prime factors of (-220)/(-44)*(464/5 + l).
2, 29
Suppose -3*m = 13*b - 11*b + 8, -5*m + 5*b + 20 = 0. Suppose -5*o - 4*d + 3615 = 0, m = 6*d - 5*d - 5. List the prime factors of o.
719
Suppose 0 = 6*f - 19 - 5. Suppose 5*a = -q - 41 - 33, -16 = f*q. List the prime factors of 2 - (a + -2)*4.
2, 3, 11
Let b = 14003 + 7871. List the prime factors of b.
2, 10937
Suppose -10 = -13*t + 3*t. Suppose 0 = -4*b + 33 - t. Suppose -b = 5*n - 158. What are the prime factors of n?
2, 3, 5
What are the prime factors of (-26 - -16) + 103590/5?
2, 31, 167
Suppose -25 = -3*c + 4*k - 1, -12 = -4*k. Suppose -1413*s + 1435*s - 5566 = 0. Suppose c*l - s = l. What are the prime factors of l?
23
Let y = -319 + 323. What are the prime factors of y + (-24)/(475/490 + -1)?
2, 197
Suppose y = 7, 2*q - 30569 = -5*y + 92344. What are the prime factors of q?
7, 67, 131
Suppose 32 = 8*t + 8*t. What are the prime factors of (0 + (-152)/t)*(-221)/34?
2, 13, 19
Suppose 0 = 12*l - 31265 + 9989. Let h = l + -933. What are the prime factors of h?
2, 3, 5, 7
Let i be (-430)/4*8/(-10). Suppose 5*y - i = 304. Let g = -52 + y. What are the prime factors of g?
2, 13
Suppose 2*p + 5*t = 32446, -694*p + 692*p - t = -32470. What are the prime factors of p?
2, 23, 353
Suppose -5*p - b + 54101 = 0, -p = -4*b + 7634 - 18471. List the prime factors of p.
3, 3607
What are the prime factors of 6/(-24)*-28 + (5418 - 4 - -2)?
11, 17, 29
Let f = -187 + 35. Suppose 0*d - 239 = 2*d - t, 3*t - 3 = 0. Let z = d - f. What are the prime factors of z?
3, 11
Let j = 10464 + -6500. List the prime factors of j.
2, 991
Let p be (-15)/(-225) + (-68096)/(-60). Let g = 2178 - p. List the prime factors of g.
7, 149
Let k(g) = -g - 40. Let h be k(6). Let x = -43 - h. Suppose -5*c + 485 = 3*l, -2*l = -x*c - 471 + 135. List the prime factors of l.
3, 5, 11
Let c = 46 - 46. Suppose 6*j - 11 = 3*j + 4*w, 5*j - 2*w - 23 = c. Suppose 0 = -2*y - 4*d + 30 + 48, 0 = -j*y - 2*d + 163. List the prime factors of y.
31
Let o be 0 + (3/(-3) - (-2 + -12)). Suppose 0 = -3*y + o - 1. Suppose 4*v - 2*v - 54 = -a, 108 = y*v - 3*a. List the prime factors of v.
3
Let h(u) = 6*u + 18. Let n(d) = 7*d. Let j(m) = -8*m. Let f(s) = 6*j(s) + 7*n(s). Let i(z) = -4*f(z) + h(z). What are the prime factors of i(-6)?
2, 3
Let w(j) = 222*j - 904. What are the prime factors of w(61)?
2, 71, 89
Let y(a) = 0 - 8*a**2 + 8 - 11*a + 34*a - 18*a + 17*a**3. Let k(c) = -c**2 + c. Let r(g) = -6*k(g) + y(g). What are the prime factors of r(2)?
2, 67
Let l(m) be the third derivative of 65*m**4/24 + m**3/3 + 40*m**2. List the prime factors of l(1).
67
Suppose 4*o = 5*a - 21741, 171*a - 4*o + 13051 = 174*a. What are the prime factors of a?
4349
Let l(k) = 3*k + 1. Let h(m) = 7*m + 1. Let a(v) = -2*h(v) + 5*l(v). Let q be a(-9). What are the prime factors of (-230 - q/(-3))/(-2)?
2, 29
Suppose 6*f + 385 = f. Let i = -65 - f. Suppose -3*r = -3*p - 0*r - 6, 2*p - i = -2*r. What are the prime factors of p?
2
Suppose 1427861 = 415*u - 24318324. What are the prime factors of u?
62039
Let s = 36 + -33. Suppose g + 210 + 98 = -3*l, -5*l - 516 = s*g. Let o = l - -232. What are the prime factors of o?
2, 5, 13
Let t(f) = 327*f + 212. Let l be t(5). List the prime factors of (-2)/(-4)*(l + -5 - 2).
2, 5, 23
Suppose 17*l + 9*l + 103157 = 565827. List the prime factors of l.
5, 3559
Let l(y) be the third derivative of y**4/24 + 13*y**3/6 - 33*y**2. Let q be l(-4). Suppose -q*d + d = -1808. List the prime factors of d.
2, 113
Let o be ((-2)/(-4))/(9/(-18)). What are the prime factors of o - 2457/(-3 + -4)?
2, 5, 7
Let f(u) = u**3 - 25*u**2 + 71*u + 8. List the prime factors of f(23).
11, 53
Suppose 0 = -42*a - 128*a - 6*a + 3408240. What are the prime factors of a?
3, 5, 1291
Let p(j) = 30 + 21*j**2 + 43*j**2 - 31*j**2 - 32*j**2 + 13*j. Suppose -9 = 2*z + 5*l, -3*z - 4*l + 48 = -6*z. What are the prime factors of p(z)?
2, 3
What are the prime factors of 2/11 - -379971*(-11)/(-121)?
34543
Suppose -x + 14 = 1. Suppose 0 = x*f - 16*f + 1314. Suppose 8*z - 410 - f = 0. List the prime factors of z.
2, 53
What are the prime factors of (((-50)/5)/10 - -2)/((-2)/(-8282))?
41, 101
Let s(f) = 590*f**2 - 891*f + 4. What are the prime factors of s(-11)?
3, 5, 5413
Let d(q) = 2*q**3 - q**2 + 6. Let o be d(2). Suppose 9*r = 3*r + o. Suppose r*w = -5*x + 309, -3*x - 4*w = -8*w - 168. List the prime factors of x.
2, 3, 5
Suppose -2*y - 3*y = -2*v, 4*v = -4*y. Let b(m) = -m**3 + 10. Let q be b(v). Let z(j) = 4*j - 1. List the prime factors of z(q).
3, 13
Suppose -4*z + 2*m = -9886, -46*z - 3*m = -47*z + 2474. List the prime factors of z.
7, 353
Let n be (2/7 - 1457/(-217)) + -4. Let a be 472*(0/(-1) + 1). Suppose -3*h + 4*l = -0*h - a, -292 = -2*h - n*l. List the prime factors of h.
2, 19
Let l = -5564 - -8965. List the prime factors of l.
19, 179
Suppose 8*d + 0 = 16. Suppose 1320 = 3*q + d*q. Suppose 3*w - c - q = 0, -3*w - 6*c = -3*c - 252. List the prime factors of w.
3, 29
Suppose 0 = 4*h - 2*s - 134900, -66*h + 69*h + 4*s - 101164 = 0. List the prime factors of h.
2, 8431
Suppose 0 = 5*g - 4*m - 84, 39 + 12 = 3*g - 3*m. Suppose -23*x + 19*x - g = 0. List the prime factors of 3/x + 3/((-48)/(-284)).
17
Let u(l) = l**3 - 8*l**2 + 14. Let z be u(10). Let x = z + 205. What are the prime factors of x?
419
Let s(c) = -c**3 + 8*c**2 + 7*c + 18. Let r be s(9). Suppose 15*h - 3977 - 4288 = r. What are the prime factors of h?
19, 29
Let d be 6/12*(-10)/15*-7284. Let h = d - 1197. List the prime factors of h.
1231
Let n(s) = 9*s + 1. Let q be n(1). List the prime factors of 6614/q - 8/20.
661
Let p = 5 - 7. Suppose -4*l + 21 = 3*y, -3*l + 134 = -4*y + 112. List the prime factors of 23/(p/4*y*2).
23
Suppose 5*o + 2*h - 144424 - 21668 = 0, -4*o = -h - 132871. List the prime factors of o.
2, 17, 977
Suppose -3*m + 48 + 108 = 0. Suppose 0 = -p - 3, p + m = o - 304. List the prime factors of o.
353
Suppose 24 = -5*m + 69. Let v(a) be th